common divisor of k and 40?
10
Let y(w) = 3*w - 3. Let o be y(2). Suppose -j + 152 = 4*j - 3*v, 3*j = -o*v + 72. Suppose -2*l + 6*l - j = 0. Calculate the highest common divisor of 14 and l.
7
Suppose 14 = -2*r - 4*j, -4*j - j - 19 = 2*r. Suppose -3*k = -s + 46, 4*s + 0*k + r*k - 229 = 0. Calculate the highest common divisor of s and 5.
5
Let l be (6 - 3) + 2 + -1. Suppose l*p + 1 = -2*o - 1, -23 = p - 4*o. Let b = 1 - p. What is the greatest common factor of 8 and b?
4
Let t = -21 + 35. Let i be ((-1)/2)/(1/(-28)). Calculate the highest common divisor of i and t.
14
Let q(a) = -2*a**2 - 69*a + 38. Let h be q(-34). What is the highest common factor of h and 144?
72
Let i be 629 - (50/325 - (-4)/(-26)). Calculate the greatest common divisor of 37 and i.
37
Suppose -84 = 13*g - 14*g - 2*v, -4*g = -2*v - 376. Calculate the highest common divisor of g and 12.
4
Let r(x) = x**3 - x**2 - 1. Let t(a) = -2*a**3 + 16*a**2 - 27*a - 31. Let n(d) = -r(d) - t(d). Let k be n(13). What is the greatest common factor of k and 15?
15
Suppose -89 = -16*o + 87. Suppose 3*b = 0, -5*u + b - 231 = -8*u. What is the greatest common factor of o and u?
11
Let t(f) = 12*f + 9*f - 6*f - 1 + 3. Let k be t(-2). Let h be (-1127)/k + 2/(-8). What is the highest common divisor of h and 8?
8
Suppose -3*i + 6*i - 261 = 0. Calculate the greatest common divisor of 3 and i.
3
Let v(o) = 10*o**2 - 13*o - 24. Let m be v(-2). What is the greatest common divisor of 154 and m?
14
Let d = -426 - -437. What is the highest common divisor of 88 and d?
11
Suppose -2*t + 84 = 3*d, 4*d - 4*t - 151 + 19 = 0. Calculate the greatest common divisor of d and 330.
30
Let s(f) = f**2 - 7*f + 10. Let v be s(-7). Let o(l) = l**2 - 7*l + 7. Let x be o(6). Let i = x - -11. Calculate the highest common divisor of i and v.
12
Suppose -1940 = -5*k + 5*q, 3*k + 4*q - 5*q = 1162. Calculate the greatest common divisor of k and 9.
9
Let l(d) = 14*d + 6. Let k = 11 - 6. Let c be l(k). What is the highest common factor of 38 and c?
38
Let k = -246 + 272. Calculate the highest common factor of 130 and k.
26
Let d = -7 + 22. Let l = 37 - d. Suppose q = -3 + 1, 122 = 4*a + 5*q. What is the highest common factor of l and a?
11
Let u = -472 - -488. What is the greatest common factor of 264 and u?
8
Suppose 3 = -2*q + 5. Let r be 1/(q - (-12)/(-15)). Suppose -r*w + 4*s = -0*w - 57, -2*w = s - 28. Calculate the greatest common factor of w and 91.
13
Let m(w) = 2*w**2 + w + 17. Let r be m(-7). Suppose -2*q - 4*s = -r, q - 62 = s - 17. What is the highest common factor of q and 4?
4
Let g = -143 + 62. Let v be g*(-5)/(0 - -15). What is the highest common factor of 18 and v?
9
Let h(k) = k**3 + 29*k**2 + 52*k - 21. Let n be h(-27). What is the highest common factor of 1056 and n?
33
Suppose c - 2*k + k = 11, 2*c - 22 = -k. Let v be (1358/35)/((-4)/(-10) + 0). Let m = v + -86. Calculate the greatest common factor of m and c.
11
Suppose 5*z + 3*f = 1235, -2*f - f = 4*z - 991. Let a = z - 127. What is the highest common factor of 13 and a?
13
Suppose 7*l - 33 - 9 = 0. Calculate the greatest common factor of l and 34.
2
Let c be (-3)/((-60)/16)*5. Suppose 0 = -c*g - 5*l + 125, 3*g - 57 = 4*l - 2. Calculate the greatest common divisor of g and 275.
25
Let t(b) = -3*b - 33*b**3 + 16 - 13*b**2 - 28*b + 34*b**3. Let l be t(15). What is the greatest common factor of l and 2?
1
Let f = -472 + 496. Calculate the greatest common factor of f and 56.
8
Let f be 2*1/(-2) - -2. Suppose z + f = -0*z. Let r be (25 + z)*(-3)/(-9). What is the highest common divisor of r and 1?
1
Let f(i) = -13*i - 95. Let j be f(-11). Calculate the greatest common divisor of j and 78.
6
Suppose -h + 4 - 3 = 0. Let x(a) = -39*a + 3 - 87*a - h. Let l be x(-1). What is the highest common factor of 16 and l?
16
Suppose -5*h - 60 = -4*c, 4*c - 80 + 28 = 3*h. Calculate the highest common divisor of c and 780.
10
Suppose -7*l + 104 = l. Let v(q) = 2 + 0*q - 144*q**3 - q**2 + q - 1. Let o be v(-1). Calculate the highest common divisor of o and l.
13
Let p = 118 - 48. Suppose 28*t - 285 = -5. What is the highest common divisor of t and p?
10
Suppose -12*j - 2422 + 9118 = 0. Calculate the highest common divisor of j and 62.
62
Suppose 3*n = l - 21, 2*l = -l + 2*n + 42. Suppose -o = 8*o - 324. Calculate the greatest common divisor of o and l.
12
Let c = 1602 - 1434. Calculate the greatest common factor of c and 49.
7
Let d be 345/(1*(1 - (0 + 0))). What is the greatest common factor of d and 15?
15
Suppose d = -4*m - 0*d + 35, -33 = -4*m - 3*d. Let i(j) = 2*j + 10. Let r be i(m). Calculate the highest common factor of r and 4.
4
Let u(v) = -12*v + 11. Let n = -1 + -6. Let t be u(n). Suppose 17 = 4*b - 59. What is the highest common divisor of b and t?
19
Let i(x) = 95*x**2 - 6*x - 1. Let b be i(1). What is the greatest common factor of 286 and b?
22
Let t(b) = b**2 + 7*b + 8. Let k be t(-3). Let v be -2 + 4/(-16) + (-333)/k. Let r be 1/2 - 34/(-4). Calculate the highest common divisor of r and v.
9
Suppose -4*u - 1 = -5*c, 5*u - 2*c = 3*c. Suppose 45 = 2*h + 3*h. What is the highest common divisor of u and h?
1
Let j(l) = -l**3 - 2*l**2 + 11*l + 20. Let p be j(-5). Calculate the greatest common divisor of p and 180.
20
Let l = 180 + -156. What is the greatest common divisor of l and 8?
8
Let d be (-4)/(-6) + (-48)/18. Let v be 3/(58/28 - d/(-1)). Calculate the highest common factor of 28 and v.
14
Let m be (-3 - -7)/(11 + -1)*5. Suppose -40 = -m*y - 3*z + z, 95 = 4*y + z. Calculate the greatest common divisor of y and 100.
25
Let q = -2534 + 2744. Calculate the greatest common factor of q and 240.
30
Let h = 138 - 93. Let c be (-2 - -2) + 0 + -1 + 9. Let l be (-6)/((-1)/12 + (-2)/c). What is the highest common divisor of h and l?
9
Let d = -1094 + 1430. Calculate the greatest common factor of 12 and d.
12
Let x(i) = i + 5. Let n be 3*(-1)/(-3)*-3. Let r be x(n). Let q be 70/105*6*9/2. What is the greatest common divisor of r and q?
2
Let q = -1 + 14. Let i = 16 - q. Suppose -3*a + a = -k - 1, 0 = -2*k + i*a. Calculate the greatest common factor of k and 2.
1
Suppose 696*m - 185 = 691*m. Calculate the greatest common divisor of 370 and m.
37
Suppose -3*z + 55 = 2*z. Suppose -979 = -5*t - 959, -4*d = -4*t - 556. What is the greatest common divisor of d and z?
11
Let p(r) = r + 11. Suppose 4 + 3 = -x. Let a be p(x). Suppose -3*f + 24 + 3 = a*s, 4*f = -2*s + 6. What is the highest common divisor of s and 81?
9
Suppose 13*d - 1570 = 18*d. Let x = d + 539. Calculate the highest common factor of 25 and x.
25
Suppose -4*o + 431 = 5*l, -7*o - 3*l - 407 = -11*o. Suppose 5*t = -n - 2, 4*n - 33 = t + 22. Calculate the greatest common factor of o and n.
13
Let v = 151 - 71. What is the greatest common divisor of 20 and v?
20
Suppose 2073 = 4*h + 197. Suppose -h = -3*q + 422. What is the highest common divisor of 27 and q?
27
Suppose 3*p - 11*p = -168. What is the greatest common divisor of p and 42?
21
Suppose p = -0*p + 2. Suppose i = -4*d + 1, -p*d = d + 6. Suppose 0 = -5*v + 4*m + 233, -2*m + 45 = -2*v + 139. What is the highest common divisor of v and i?
9
Suppose n = -5*n + 384. What is the highest common divisor of 512 and n?
64
Suppose g = -t - 7, 5*t + g = 15 - 54. Let y be (t + 108)*2/4. What is the highest common factor of y and 20?
10
Let x(l) = -l**2 - 8 + 11 + 0*l**2 + 0*l**2 + l. Let s be x(0). What is the highest common divisor of s and 1?
1
Let j be (-80 + 5/(-5))/(-1). Let z(v) = v + 6. Let l be z(-5). Let a be l/2*(17 + 1). What is the highest common divisor of j and a?
9
Let n(q) = q**3 - 17*q**2 + 2*q - 28. Let i be n(17). Suppose -i*x + x = -260. What is the greatest common divisor of x and 78?
26
Let n be (-2 - -1) + -1 - -24. Let y be (4/(-5))/(1*12/(-30)). Let m be 309/2 + ((-1)/y)/1. What is the greatest common factor of n and m?
22
Let j be (3 - 0)*(-190)/(-30). Let w(b) = -b + 46. Let t be w(j). What is the highest common factor of t and 9?
9
Suppose 6*o - 3*o + 26 = 5*l, -2*l = -o - 10. Let v(s) = 5*s + 9 + l - 2 - 9*s. Let k be v(-16). Calculate the greatest common factor of 15 and k.
15
Let y be ((-3663)/(-27) - 5)*(1 - -71). Let z be 6/7*y/28. What is the highest common factor of 18 and z?
18
Suppose 9*g - 2*g = 686. Suppose -5*w + 277 + g = 0. 